is the units digit of x?
3
Let n(z) = -3*z - 3. Let o be n(-2). Suppose 8*u = o*u + 70. What is the tens digit of u?
1
What is the tens digit of (-2)/(0 - 8/60)?
1
Let y = 66 - 10. Let j = y + -35. What is the units digit of j?
1
Suppose 24*w - 405 = 19*w. What is the units digit of w?
1
Let i(y) = 3*y**3 - y**2 + 6*y + 6. Let z(a) = 3*a**3 + 7*a + 7. Let b(u) = 5*i(u) - 4*z(u). What is the tens digit of b(3)?
4
Suppose 4*v + 36 = 4*c, -5*v = -3*v + 5*c - 17. Let z(t) = -t**3 - 4*t**2 - 2*t + 2. What is the units digit of z(v)?
0
Let x be (-5)/(-10) + (-45)/(-2). Suppose 2*s + h = 26, 6*s - x = 5*s - 3*h. What is the tens digit of s?
1
Suppose -21*q = -12*q - 2070. What is the tens digit of q?
3
Let s be -10 + 2 - 2*-1. Let x be (-42)/(-9) + s/9. Suppose x*h - 4*n - 4 = 0, h + 3*n = 1 + 16. What is the units digit of h?
5
Suppose n - 7*g = -2*g - 75, -2*n - 4*g = 136. Let w = -42 - n. What is the units digit of w?
8
Let j be (-3)/((3/(-1))/1). What is the tens digit of 22 + -3 - j/1?
1
Let f = -10 + 14. What is the tens digit of (-48)/9*(-9)/f?
1
Suppose 2*o - 3 = 3. Let w be 10*(0 - 2)/(-4). Suppose 17 = -o*s - 5*d, w*s + 0*d = 4*d + 21. What is the units digit of s?
1
Let o be (-2)/(-2)*(2 - -33). Suppose 3*u + 4*v = 2*v + 17, 5*u = -5*v + o. Suppose 2*b = -2*k + 18, 2*k + 1 = k - u*b. What is the tens digit of k?
1
Let h(m) = 5*m - 7. Let n(c) = -4*c + 4*c - c. Let x(f) = -h(f) - 4*n(f). What is the units digit of x(3)?
4
Let o be (-9)/6*(-1320)/9. Let d be (o/(-25))/(4/(-10)). Let n = d - 2. What is the units digit of n?
0
Suppose -5*t + 74 = -t - 2*f, 15 = -5*f. What is the units digit of t?
7
Suppose 4*f + 1302 = 11*f. What is the units digit of f?
6
Suppose 0*v = 3*v - 45. Suppose -8*x = -3*x - v. What is the units digit of x?
3
Let m(d) = -d**3 - d**2 + 43. Suppose i + 0*i = 0. What is the tens digit of m(i)?
4
Let v(o) = 3*o**2 - 16*o - 3. What is the tens digit of v(8)?
6
Let g = 77 + -18. What is the units digit of g?
9
What is the units digit of 162 - 4 - (1 - 2)?
9
Let b = 23 - 19. Suppose 22 = -b*x + 102. What is the tens digit of x?
2
Let y(f) = 2*f - 2. Let o be y(3). Let l(q) = q + o*q - 1 - 3*q. What is the units digit of l(5)?
9
Suppose -n = z, 5*n - z - 12 = 6. Let k(a) = 2*a**2 - 2*a - 2. What is the tens digit of k(n)?
1
Suppose 3*s - k - 193 = 0, -5*s + 20 = -4*k - 290. Suppose b = -2*c + 16, 4*c - 32 = -5*b + s. What is the tens digit of b?
2
Suppose 0 = g + 1 - 7. What is the units digit of g?
6
Let h(p) = -5 + p**3 - 7*p**2 - 2*p**3 + 0*p**3 - 2*p. Let r(u) = u**2 + 13*u + 23. Let t be r(-10). What is the units digit of h(t)?
9
Let r be 2*1/((-4)/(-66)). Let v = r + -13. Let i = v + -12. What is the units digit of i?
8
Let g = -16 + 14. What is the units digit of (7 - -9)/((-1)/g)?
2
Let y(z) = -z**3 + 5*z**2 + 8*z - 9. Let b be y(6). What is the units digit of (-2 + 3)/(b/87)?
9
Let n = 24 - 8. Suppose 6 = -p + n. Let u = 15 - p. What is the units digit of u?
5
Let a be 4/6 + 4/(-6). Suppose 2*u + 2*u = a. Suppose u = 4*c - m - 2*m - 25, 4*c - 2*m = 30. What is the units digit of c?
0
Let j = 89 - -27. What is the hundreds digit of j?
1
Suppose 0 = -4*q - 5*f + 13, 12 = -5*q + 2*f + 53. Let h = 20 - q. What is the units digit of h?
3
Suppose 0 = 5*o - 2 - 8, o + 8 = 2*z. Suppose -z*a - 11 = -81. What is the tens digit of a?
1
Let m(q) be the second derivative of q**5/20 + q**4/3 + q**3/6 - 2*q**2 + q. Let i be m(-3). Suppose -i*t = -12 - 2. What is the units digit of t?
7
Let t = 11 + -11. Let h = 3 - t. What is the units digit of h?
3
Let v(f) = -6*f - 10. What is the tens digit of v(-7)?
3
Suppose -3*z + 1062 = c, -3*z = 5*c + 60 - 1110. What is the units digit of z?
5
Suppose -x - 24 = -4*x. Suppose -2*n + x = 3*h - n, 0 = -2*h + 5*n + 28. What is the units digit of h?
4
Let j(a) = a**2 + 12*a - 14. Suppose 11*c - 70 = 16*c. What is the tens digit of j(c)?
1
Suppose -378 = -5*d + 12. What is the tens digit of d?
7
Let p = -389 - -672. What is the units digit of p?
3
Let c(a) = 20*a + 1. Let l be c(-1). Let b = l - -44. What is the units digit of b?
5
Let s(o) be the third derivative of -o**5/30 - o**4/12 - o**3/6 - o**2. Let c be s(-1). Let q = 4 + c. What is the units digit of q?
3
Suppose 50 = -7*w + 2*w. Let u = 20 + w. What is the units digit of u?
0
Let o(i) = -i**2 + 3*i - 3. Let a be o(2). What is the tens digit of -5 + (-2)/a + 18?
1
Let p(a) = a**2 - 2*a - 2. Let q be p(4). Let l = 7 - 10. What is the units digit of 18*(6 + l)/q?
9
Let d be -2 + (-2)/2 - -5. What is the units digit of (4/3)/(d/24)?
6
Let z(f) = -f**3 + 10*f**2 - 11*f + 9. Let j(h) = 8*h**3 - h**2 + 1. Let i be j(1). What is the units digit of z(i)?
9
Let o = -1 - -5. Suppose -5*q = 4*t - 60, -o*q + 23 = 3*t - 25. Let k = q - 5. What is the units digit of k?
7
Suppose 33 = 4*q + 13. Suppose -a = -2*y - 28, 155 = 7*a - 2*a - q*y. What is the units digit of a?
4
Let f(j) = j**2 - 6*j. Let t be f(6). Suppose -3*r - 31 - 14 = t. Let a = r + 26. What is the tens digit of a?
1
Let y(x) = 2*x**2 + 1. Let n be (-36)/16 - (-6)/(-8). What is the units digit of y(n)?
9
Let d be 2/7 - 12/(-7). Suppose k - 12 = 2*j, -j - 5*k + 7 = d. Let z = 15 + j. What is the units digit of z?
0
Let v = 73 - 26. What is the units digit of v?
7
Let w = 160 - 55. Suppose 0 = 2*d + 3 - w. What is the tens digit of d?
5
Let s(t) = 42*t**2 + 2*t - 1. What is the units digit of s(1)?
3
Let y be 4/(-2)*(17 - 11). What is the tens digit of (189/y)/((-6)/16)?
4
What is the units digit of 0*(-5)/(-25) + 222?
2
Let n(v) = -v - 3. Let l be n(-3). Suppose z + l = 2. What is the units digit of 20 + 0 - (2 - z)?
0
Suppose 18*w = 13*w + 175. What is the tens digit of w?
3
Let z = 9 - 8. Let f(r) = -6*r. Let a be f(-1). What is the units digit of a/(0 + z) - 1?
5
Let v = 1 + 2. Suppose 3*i = -v*x + 5*i + 10, 3*x - 11 = i. Suppose -c - 4*c + x = w, -3*c = 3*w - 12. What is the units digit of w?
4
Suppose -4*m + 4 = -6*m + 2*q, 5*m + 6 = 4*q. Suppose 0 = 2*l + m*l - 20. Suppose -1 - l = -x. What is the units digit of x?
6
Suppose 0 = -3*s + 2 + 4. Suppose -5*i + 7 = s. What is the units digit of -10*i/(-4)*2?
5
Let i(z) = -z**2 - 5*z + 7. Let h be i(-5). Suppose h*a - 4*a + 3*q = 30, -3*a + 58 = -4*q. What is the units digit of a?
4
Let w(x) = x**3 - 11*x**2 - 10. Let s be 2*(-33)/(-12)*2. Let v be w(s). Let d(q) = q**2 + 7*q - 13. What is the tens digit of d(v)?
1
Let c(p) = -23*p - 9. What is the tens digit of c(-4)?
8
What is the units digit of (8/(-6))/((-16)/72)?
6
Suppose -136 = -h - 4*i, -324 = 2*h - 4*h + 5*i. What is the hundreds digit of h?
1
Suppose -4*y = -7 - 9. Suppose 0*o = y*o - 8. What is the units digit of o?
2
Suppose 2*u - 32 = -0*u. Suppose -2*j + 30 = -4*s - 4*j, -2*s - 19 = -3*j. Let p = s + u. What is the units digit of p?
8
What is the units digit of (3/6)/(1/58)?
9
Let t = 6 + -2. Suppose -2*w + 4*w - 2*a = 44, -a = 2. Suppose 0 = 5*m - t*p - 20, w = 2*p + 2*p. What is the units digit of m?
8
Let k(n) = -n + 131. What is the tens digit of k(0)?
3
Suppose -17 = 3*c - 8. What is the units digit of 3*-3*1/c?
3
Let v(s) be the second derivative of s**4/6 + s**3/3 + s**2/2 - 7*s. What is the tens digit of v(2)?
1
Let g(c) = -19*c + 1. Let r be g(5). Let m = -16 + 26. What is the units digit of (-4)/m + r/(-10)?
9
What is the tens digit of ((-18)/(-21))/((-1)/(-42))?
3
Let l be (-1 + -8)/((-21)/14). What is the units digit of (l/12)/((-2)/(-56))?
4
Suppose -s + 4*j + 22 = 0, -2*j = 5*s + 3*j + 15. What is the units digit of -39*3/(-18)*s?
3
Suppose 2*u = 4*u + 3*b - 53, -2*u + 5*b + 45 = 0. What is the tens digit of u?
2
What is the tens digit of -2 + 4*48 - (-3 - -7)?
8
Let k(f) = 5*f**3 + 13*f**2 - 11*f - 4. Let u(j) = -14*j**3 - 38*j**2 + 32*j + 11. Let x(a) = -17*k(a) - 6*u(a). What is the units digit of x(6)?
8
Suppose 0 = 3*l + 2*l - 30. What is the tens digit of 24 - 5*l/15?
2
Let i(q) = -q**2 - 15*q - 4. Let h be i(-7). Suppose -3*w - w + h = 0. What is the units digit of w?
3
Suppose 3*o + 9 = 0, -3*s - 2*o = -o - 291. What is the tens digit of s?
9
Let p be ((-11)/22)/(1/6). What is the units digit of -3 - (-5 + p + 2)?
3
What is the units digit of ((-1)/2)/(4/(-296))?
7
Let f be (43 - 3/3) + 2. Let h = f - 24. Suppose -3*s - 2*s + h = 0. What is the 